{"id":2760,"date":"2023-11-22T13:51:32","date_gmt":"2023-11-22T12:51:32","guid":{"rendered":"https:\/\/www.alternatri.fr\/?page_id=2760"},"modified":"2023-11-22T13:59:19","modified_gmt":"2023-11-22T12:59:19","slug":"mentions-legales-2","status":"publish","type":"page","link":"https:\/\/laval-53.alternatri.fr\/index.php\/mentions-legales-2\/","title":{"rendered":"Mentions l\u00e9gales"},"content":{"rendered":"\t\t<div data-elementor-type=\"wp-page\" data-elementor-id=\"2760\" class=\"elementor elementor-2760\">\n\t\t\t\t<div class=\"elementor-element elementor-element-bad17ec e-flex e-con-boxed e-con e-parent\" data-id=\"bad17ec\" data-element_type=\"container\">\n\t\t\t\t\t<div class=\"e-con-inner\">\n\t\t\t\t<div class=\"elementor-element elementor-element-3ed3495 elementor-widget elementor-widget-heading\" data-id=\"3ed3495\" data-element_type=\"widget\" data-widget_type=\"heading.default\">\n\t\t\t\t<div class=\"elementor-widget-container\">\n\t\t\t<style>\/*! elementor - v3.23.0 - 15-07-2024 *\/\n.elementor-heading-title{padding:0;margin:0;line-height:1}.elementor-widget-heading .elementor-heading-title[class*=elementor-size-]>a{color:inherit;font-size:inherit;line-height:inherit}.elementor-widget-heading .elementor-heading-title.elementor-size-small{font-size:15px}.elementor-widget-heading .elementor-heading-title.elementor-size-medium{font-size:19px}.elementor-widget-heading .elementor-heading-title.elementor-size-large{font-size:29px}.elementor-widget-heading .elementor-heading-title.elementor-size-xl{font-size:39px}.elementor-widget-heading .elementor-heading-title.elementor-size-xxl{font-size:59px}<\/style><h2 class=\"elementor-heading-title elementor-size-default\">Mentions l\u00e9gales\n<\/h2>\t\t<\/div>\n\t\t\t\t<\/div>\n\t\t\t\t\t<\/div>\n\t\t\t\t<\/div>\n\t\t<div class=\"elementor-element elementor-element-d7b4889 e-flex e-con-boxed e-con e-parent\" data-id=\"d7b4889\" data-element_type=\"container\">\n\t\t\t\t\t<div class=\"e-con-inner\">\n\t\t\t\t<div class=\"elementor-element elementor-element-5cbfffd elementor-widget elementor-widget-text-editor\" data-id=\"5cbfffd\" data-element_type=\"widget\" data-widget_type=\"text-editor.default\">\n\t\t\t\t<div class=\"elementor-widget-container\">\n\t\t\t<style>\/*! elementor - v3.23.0 - 15-07-2024 *\/\n.elementor-widget-text-editor.elementor-drop-cap-view-stacked .elementor-drop-cap{background-color:#69727d;color:#fff}.elementor-widget-text-editor.elementor-drop-cap-view-framed .elementor-drop-cap{color:#69727d;border:3px solid;background-color:transparent}.elementor-widget-text-editor:not(.elementor-drop-cap-view-default) .elementor-drop-cap{margin-top:8px}.elementor-widget-text-editor:not(.elementor-drop-cap-view-default) .elementor-drop-cap-letter{width:1em;height:1em}.elementor-widget-text-editor .elementor-drop-cap{float:left;text-align:center;line-height:1;font-size:50px}.elementor-widget-text-editor .elementor-drop-cap-letter{display:inline-block}<\/style>\t\t\t\t<h1>Mentions l\u00e9gales<\/h1>\n<div>\n<hr>\n<div>\n<p>Merci de lire attentivement les pr\u00e9sentes modalit\u00e9s d&rsquo;utilisation du pr\u00e9sent site avant de le parcourir.<br>En vous connectant sur ce site, vous acceptez sans r\u00e9serve les pr\u00e9sentes modalit\u00e9s.<\/p>\n<\/div>\n<h3>Conditions d&rsquo;utilisation<\/h3>\n<div>\n<p>Le site accessible via&nbsp;<a href=\"https:\/\/laval-53.alternatri.fr\/\">AlternaTri53<\/a> est exploit\u00e9 dans le respect de la l\u00e9gislation fran\u00e7aise. L&rsquo;utilisation de ce site est r\u00e9gie par les pr\u00e9sentes conditions g\u00e9n\u00e9rales. En utilisant le site, vous reconnaissez avoir pris connaissance de ces conditions et les avoir accept\u00e9es. Celles-ci pourront \u00eatres modifi\u00e9es \u00e0 tout moment et sans pr\u00e9avis par AlternaTri 53.<br>AlternaTri 53 ne saurait \u00eatre tenu pour responsable en aucune mani\u00e8re d\u2019une mauvaise utilisation du service.<\/p>\n<\/div>\n<h3>Editeur du site et d\u00e9veloppement internet<\/h3>\n<div>\n<div><a href=\"https:\/\/laval-53.alternatri.fr\/\" target=\"\"><b>AlternaTri 53<\/b><\/a><br>20 rue des Giraumeries<br>53940 Saint Berthevin<br>France<br><a href=\"https:\/\/laval-53.alternatri.fr\/\">https:\/\/laval-53.alternatri.fr<\/a><br><a href=\"mailto:contact@altercite.org\">contact@alternatri.fr<\/a><br><span>&nbsp;+33 (0)2 43 69 89 02<\/span><br>Association d\u00e9clar\u00e9e &#8211; SIREN 501 312 219 &#8211; NAF 3832Z<br>Directeur de la publication : Sa\u00efd ABOUALI<\/div>\n<\/div>\n<h3>H\u00e9bergement<\/h3>\n<p><a href=\"http:\/\/www.ovh.com\/\" target=\"\"><b>OVH<\/b><\/a><br>2 Rue Kellermann ROUBAIX<br>59100 ROUBAIX<br>France<br><a href=\"http:\/\/www.ovh.com\/\" target=\"\">http:\/\/www.ovh.com<\/a><br><span>&nbsp;1007<\/span><br>SIRET 424 761 419 00045 &#8211; NAF 2620Z<\/p>\n<h3>Limitation de responsabilit\u00e9<\/h3>\n<div>\n<p>Les informations contenues sur ce site sont aussi pr\u00e9cises que possible et le site est p\u00e9riodiquement remis \u00e0 jour, mais peut toutefois contenir des inexactitudes, des omissions ou des lacunes. Si vous constatez une lacune, erreur ou ce qui parait \u00eatre un dysfonctionnement, merci de bien vouloir le signaler via la page de contact, en d\u00e9crivant le probl\u00e8me de la mani\u00e8re la plus pr\u00e9cise possible (page posant probl\u00e8me, action d\u00e9clenchante, type d\u2019ordinateur et de navigateur utilis\u00e9, etc).<\/p>\n<p>Tout contenu t\u00e9l\u00e9charg\u00e9 se fait aux risques et p\u00e9rils de l&rsquo;utilisateur et sous sa seule responsabilit\u00e9. En cons\u00e9quence, AlternaTri 53 ne saurait \u00eatre tenu responsable d&rsquo;un quelconque dommage subi par l&rsquo;ordinateur de l&rsquo;utilisateur ou d&rsquo;une quelconque perte de donn\u00e9es cons\u00e9cutives au t\u00e9l\u00e9chargement.<\/p>\n<p>Les photos sont non contractuelles.<\/p>\n<p>Les liens hypertextes mis en place dans le cadre du pr\u00e9sent site internet en direction d&rsquo;autres ressources pr\u00e9sentes sur le r\u00e9seau Internet ne sauraient engager la responsabilit\u00e9 de AlternaTri 53.<\/p>\n<\/div>\n<h3>Litiges<\/h3>\n<div>\n<p>Les pr\u00e9sentes conditions sont r\u00e9gies par les lois fran\u00e7aises et toute contestation ou litiges qui pourraient na\u00eetre de l&rsquo;interpr\u00e9tation ou de l&rsquo;ex\u00e9cution de celles-ci seront de la comp\u00e9tence exclusive des tribunaux dont d\u00e9pend le si\u00e8ge social de AlternaTri 53. La langue de r\u00e9f\u00e9rence, pour le r\u00e8glement de contentieux \u00e9ventuels, est le fran\u00e7ais.<\/p>\n<\/div>\n<h3>Droit d&rsquo;acc\u00e8s<\/h3>\n<div>\n<p>En application de cette loi, les internautes disposent d\u2019un droit d\u2019acc\u00e8s, de rectification, de modification et de suppression concernant les donn\u00e9es qui les concernent personnellement. Ce droit peut \u00eatre exerc\u00e9 par voie postale aupr\u00e8s de AlternaTri 53&nbsp;ou par voie \u00e9lectronique (cf Responsable \u00e9ditorial).<br>Les informations personnelles collect\u00e9es ne sont en aucun cas confi\u00e9es \u00e0 des tiers hormis pour l\u2019\u00e9ventuelle bonne ex\u00e9cution de la prestation command\u00e9e par l\u2019internaute.<\/p>\n<\/div>\n<h3>Confidentialit\u00e9<\/h3>\n<div>\n<p>Vos donn\u00e9es personnelles sont confidentielles et ne seront en aucun cas communiqu\u00e9es \u00e0 des tiers hormis pour la bonne ex\u00e9cution de la prestation.<\/p>\n<\/div>\n<h3>Propri\u00e9t\u00e9 intellectuelle<\/h3>\n<div>\n<p>Tout le contenu du pr\u00e9sent site, incluant, de fa\u00e7on non limitative, les graphismes, images, textes, vid\u00e9os, animations, sons, logos, gifs et ic\u00f4nes ainsi que leur mise en forme sont la propri\u00e9t\u00e9 exclusive de AlternaTri 53&nbsp;\u00e0 l&rsquo;exception des marques, logos ou contenus appartenant \u00e0 d&rsquo;autres soci\u00e9t\u00e9s partenaires ou auteurs.<br>Toute reproduction, distribution, modification, adaptation, retransmission ou publication, m\u00eame partielle, de ces diff\u00e9rents \u00e9l\u00e9ments est strictement interdite sans l&rsquo;accord expr\u00e8s par \u00e9crit de AlternaTri 53. Cette repr\u00e9sentation ou reproduction, par quelque proc\u00e9d\u00e9 que ce soit, constitue une contrefa\u00e7on sanctionn\u00e9e par les articles L.3335-2 et suivants du Code de la propri\u00e9t\u00e9 intellectuelle. Le non-respect de cette interdiction constitue une contrefa\u00e7on pouvant engager la responsabilit\u00e9 civile et p\u00e9nale du contrefacteur. En outre, les propri\u00e9taires des contenus copi\u00e9s pourraient intenter une action en justice \u00e0 votre encontre.<\/p>\n<p><span style=\"color: var( --e-global-color-text ); font-family: var( --e-global-typography-text-font-family ), Sans-serif; font-size: var( --e-global-typography-text-font-size ); text-align: var(--text-align); background-color: transparent;\">AlternaTri 53<\/span>&nbsp;est identiquement propri\u00e9taire des \u00ab\u00a0droits des producteurs de bases de donn\u00e9es\u00a0\u00bb vis\u00e9s au Livre III, Titre IV, du Code de la Propri\u00e9t\u00e9 Intellectuelle (loi n\u00b0 98-536 du 1er juillet 1998) relative aux droits d&rsquo;auteur et aux bases de donn\u00e9es.<\/p>\n<p>Les utilisateurs et visiteurs du site internet peuvent mettre en place un hyperlien en direction de ce site, mais uniquement en direction de la page d\u2019accueil, accessible \u00e0 l\u2019URL suivante :&nbsp;<a href=\"https:\/\/laval-53.alternatri.fr\/\" style=\"background-color: rgb(255, 255, 255);\">https:\/\/laval-53.alternatri.fr<\/a>, \u00e0 condition que ce lien s\u2019ouvre dans une nouvelle fen\u00eatre. En particulier un lien vers une sous page (\u00ab lien profond \u00bb) est interdit, ainsi que l\u2019ouverture du pr\u00e9sent site au sein d\u2019un cadre (\u00ab framing \u00bb), sauf l&rsquo;autorisation expresse et pr\u00e9alable de AlternaTri 53.<\/p>\n<p>Pour toute demande d&rsquo;autorisation ou d&rsquo;information, veuillez nous contacter par email via la page de contact. Des conditions sp\u00e9cifiques sont pr\u00e9vues pour la presse.<\/p>\n<\/div>\n<h3>Conditions de service<\/h3>\n<div>\n<p>Ce site est propos\u00e9 en langages&nbsp;<strong>HTML5&nbsp;<\/strong>et&nbsp;<strong>CSS3<\/strong>&nbsp;ainsi que&nbsp;<strong>Javascript<\/strong>&nbsp;afin de vous faire profiter de la meilleure exp\u00e9rience sur vos appareils. Le site est adaptatif et responsive, cela entend qu&rsquo;il est \u00e9tudi\u00e9 pour \u00eatre \u00e0 la fois compatible et fonctionnel sur smartphone, tablette, ordinateur, t\u00e9l\u00e9viseur et autres appareils proposant un navigateur internet de derni\u00e8re g\u00e9n\u00e9ration. Pour un meilleur confort d&rsquo;utilisation et un graphisme plus agr\u00e9able, nous vous recommandons de recourir \u00e0 des navigateurs modernes comme&nbsp;<a href=\"https:\/\/www.apple.com\/fr\/safari\/\" target=\"_blank\" rel=\"noopener\">Safari<\/a>,&nbsp;<a href=\"https:\/\/www.mozilla.org\/fr\/firefox\/\" target=\"_blank\" rel=\"noopener\">Firefox<\/a>,&nbsp;<a href=\"https:\/\/www.google.com\/chrome\/\" target=\"_blank\" rel=\"noopener\">Chrome<\/a>, ou&nbsp;<a href=\"https:\/\/www.opera.com\/fr\" target=\"_blank\" rel=\"noopener\">Op\u00e9ra<\/a>.<\/p>\n<\/div>\n<h3>Informations et exclusion<\/h3>\n<div>\n<p><span style=\"color: var( --e-global-color-text ); font-family: var( --e-global-typography-text-font-family ), Sans-serif; font-size: var( --e-global-typography-text-font-size ); text-align: var(--text-align); background-color: transparent;\">AlternaTri 53<\/span>&nbsp;met en \u0153uvre tous les moyens disponibles, pour assurer une information fiable et une mise \u00e0 jour fiable de son site internet. Toutefois, des erreurs ou omissions peuvent survenir. L&rsquo;internaute devra donc s&rsquo;assurer de l&rsquo;exactitude des informations aupr\u00e8s de AlternaTri 53, et signaler toutes modifications du site qu&rsquo;il jugerait utile. AlternaTri 53&nbsp;n&rsquo;est en aucun cas responsable de l&rsquo;utilisation faite de ces informations, et de tout pr\u00e9judice direct ou indirect pouvant en d\u00e9couler.<\/p>\n<\/div>\n<h3>Cookies<\/h3>\n<div>\n<p>Pour des besoins de statistiques et d&rsquo;affichage, le pr\u00e9sent site peut utiliser des cookies. Il s&rsquo;agit de petits fichiers textes stock\u00e9s sur votre disque dur afin d&rsquo;enregistrer des donn\u00e9es techniques sur votre navigation. Notez que certaines parties de ce site ne peuvent \u00eatre fonctionnelles sans l\u2019acceptation de cookies. En cas de demande personnalis\u00e9e ou particuli\u00e8re, un module d&rsquo;acceptation vous est notifi\u00e9 afin de cocher les autorisations n\u00e9cessaires ou non. Dans tous les cas, aucune donn\u00e9e ne saurait \u00eatre distribu\u00e9e \u00e0 des tiers sans votre accord. Enfin, les r\u00e8gles de conservation des informations dans les cookies (crypt\u00e9es ou anonymes) respectent les conditions et les conventions \u00e9mises par le&nbsp;<a href=\"https:\/\/fr.wikipedia.org\/wiki\/R%C3%A8glement_g%C3%A9n%C3%A9ral_sur_la_protection_des_donn%C3%A9es\" target=\"_blank\" rel=\"noopener\">RGPD<\/a>.<\/p>\n<\/div>\n<h3>Liens hypertextes<\/h3>\n<div>\n<p>Le site internet de AlternaTri 53&nbsp;peut offrir des liens vers d\u2019autres sites internet ou d\u2019autres ressources disponibles sur Internet.<\/p>\n<p><span style=\"color: var( --e-global-color-text ); font-family: var( --e-global-typography-text-font-family ), Sans-serif; font-size: var( --e-global-typography-text-font-size ); text-align: var(--text-align); background-color: transparent;\">AlternaTri 53<\/span>&nbsp;ne dispose d&rsquo;aucun moyen pour contr\u00f4ler les sites en connexion avec son site internet. AlternaTri 53&nbsp;ne r\u00e9pond pas de la disponibilit\u00e9 de tels sites et sources externes, ni ne la garantit. AlternaTri 53&nbsp;ne peut \u00eatre tenu pour responsable de tout dommage, de quelque nature que ce soit, r\u00e9sultant du contenu de ces sites ou sources externes, et notamment des informations, produits ou services qu\u2019ils proposent, ou de tout usage qui peut \u00eatre fait de ces \u00e9l\u00e9ments. Les risques li\u00e9s \u00e0 cette utilisation incombent pleinement \u00e0 l&rsquo;internaute, qui doit se conformer \u00e0 leurs conditions d&rsquo;utilisation.<\/p>\n<p>Les utilisateurs, les abonn\u00e9s et les visiteurs des sites internet de AlternaTri 53&nbsp;ne peuvent mettre en place un hyperlien en direction de ce site sans l&rsquo;autorisation expresse et pr\u00e9alable de AlternaTri 53.<\/p>\n<p>Dans l&rsquo;hypoth\u00e8se o\u00f9 un utilisateur ou visiteur souhaiterait mettre en place un hyperlien en direction du site internet de AlternaTri 53, il lui appartiendra d&rsquo;adresser un email accessible sur le site afin de formuler sa demande de mise en place d&rsquo;un hyperlien. AlternaTri 53&nbsp;se r\u00e9serve le droit d\u2019accepter ou de refuser un hyperlien sans avoir \u00e0 en justifier sa d\u00e9cision.<\/p>\n<\/div>\n<h3>Recherche<\/h3>\n<div>\n<p>En outre, le renvoi sur un site internet pour compl\u00e9ter une information recherch\u00e9e ne signifie en aucune fa\u00e7on que AlternaTri 53&nbsp;reconna\u00eet ou accepte quelque responsabilit\u00e9 quant \u00e0 la teneur ou \u00e0 l&rsquo;utilisation dudit site.<\/p>\n<\/div>\n<h3>Pr\u00e9cautions d&rsquo;usage<\/h3>\n<div>\n<p>Il vous incombe de prendre les pr\u00e9cautions d&rsquo;usage n\u00e9cessaires pour vous assurer que ce que vous choisissez d&rsquo;utiliser ne soit pas entach\u00e9 d&rsquo;erreurs voire d&rsquo;\u00e9l\u00e9ments de nature destructrice tels que virus, trojans, etc.<\/p>\n<\/div>\n<h3>Responsabilit\u00e9<\/h3>\n<div>\n<p>Aucune autre garantie n&rsquo;est accord\u00e9e au client, auquel incombe l&rsquo;obligation de formuler clairement ses besoins et le devoir de s&rsquo;informer. Si des informations fournies par AlternaTri 53&nbsp;apparaissent inexactes, il appartiendra au client de proc\u00e9der lui-m\u00eame \u00e0 toutes v\u00e9rifications de la coh\u00e9rence ou de la vraisemblance des r\u00e9sultats obtenus. AlternaTri 53&nbsp;ne sera en aucune fa\u00e7on responsable vis \u00e0 vis des tiers de l&rsquo;utilisation par le client des informations ou de leur absence contenues dans ses produits y compris un de ses sites Internet.<\/p>\n<\/div>\n<h3>Contactez-nous<\/h3>\n<div><p><span style=\"color: var( --e-global-color-text ); font-family: var( --e-global-typography-text-font-family ), Sans-serif; font-size: var( --e-global-typography-text-font-size ); text-align: var(--text-align); background-color: transparent;\">AlternaTri 53<\/span>&nbsp;est \u00e0 votre disposition pour tous vos commentaires ou suggestions. Vous pouvez nous \u00e9crire en fran\u00e7ais par courrier \u00e9lectronique via la page de contact.<\/p>\n<\/div>\n<\/div>\t\t\t\t\t\t<\/div>\n\t\t\t\t<\/div>\n\t\t\t\t\t<\/div>\n\t\t\t\t<\/div>\n\t\t\t\t<\/div>\n\t\t","protected":false},"excerpt":{"rendered":"<p>Mentions l\u00e9gales Mentions l\u00e9gales Merci de lire attentivement les pr\u00e9sentes modalit\u00e9s d&rsquo;utilisation du pr\u00e9sent site avant de le parcourir.En vous connectant sur ce site, vous acceptez sans r\u00e9serve les pr\u00e9sentes modalit\u00e9s. Conditions d&rsquo;utilisation Le site accessible via&nbsp;AlternaTri53 est exploit\u00e9 dans le respect de la l\u00e9gislation fran\u00e7aise. L&rsquo;utilisation de ce site est r\u00e9gie par les pr\u00e9sentes&#8230;<\/p>\n","protected":false},"author":1,"featured_media":0,"parent":0,"menu_order":0,"comment_status":"closed","ping_status":"closed","template":"","meta":{"_kadence_starter_templates_imported_post":false,"_kad_post_transparent":"","_kad_post_title":"hide","_kad_post_layout":"fullwidth","_kad_post_sidebar_id":"","_kad_post_content_style":"unboxed","_kad_post_vertical_padding":"hide","_kad_post_feature":"hide","_kad_post_feature_position":"","_kad_post_header":false,"_kad_post_footer":false,"footnotes":""},"class_list":["post-2760","page","type-page","status-publish","hentry"],"yoast_head":"<!-- This site is optimized with the Yoast SEO plugin v25.5 - https:\/\/yoast.com\/wordpress\/plugins\/seo\/ -->\n<title>Mentions l\u00e9gales - Alternatri 53<\/title>\n<meta name=\"robots\" content=\"index, follow, max-snippet:-1, max-image-preview:large, max-video-preview:-1\" \/>\n<link rel=\"canonical\" href=\"https:\/\/laval-53.alternatri.fr\/index.php\/mentions-legales-2\/\" \/>\n<meta property=\"og:locale\" content=\"fr_FR\" \/>\n<meta property=\"og:type\" content=\"article\" \/>\n<meta property=\"og:title\" content=\"Mentions l\u00e9gales - Alternatri 53\" \/>\n<meta property=\"og:description\" content=\"Mentions l\u00e9gales Mentions l\u00e9gales Merci de lire attentivement les pr\u00e9sentes modalit\u00e9s d&rsquo;utilisation du pr\u00e9sent site avant de le parcourir.En vous connectant sur ce site, vous acceptez sans r\u00e9serve les pr\u00e9sentes modalit\u00e9s. Conditions d&rsquo;utilisation Le site accessible via&nbsp;AlternaTri53 est exploit\u00e9 dans le respect de la l\u00e9gislation fran\u00e7aise. L&rsquo;utilisation de ce site est r\u00e9gie par les pr\u00e9sentes...\" \/>\n<meta property=\"og:url\" content=\"https:\/\/laval-53.alternatri.fr\/index.php\/mentions-legales-2\/\" \/>\n<meta property=\"og:site_name\" content=\"Alternatri 53\" \/>\n<meta property=\"article:publisher\" content=\"https:\/\/www.facebook.com\/people\/AlternaTri\/100064855563559\/\" \/>\n<meta property=\"article:modified_time\" content=\"2023-11-22T12:59:19+00:00\" \/>\n<meta name=\"twitter:card\" content=\"summary_large_image\" \/>\n<meta name=\"twitter:label1\" content=\"Dur\u00e9e de lecture estim\u00e9e\" \/>\n\t<meta name=\"twitter:data1\" content=\"8 minutes\" \/>\n<script type=\"application\/ld+json\" class=\"yoast-schema-graph\">{\"@context\":\"https:\/\/schema.org\",\"@graph\":[{\"@type\":\"WebPage\",\"@id\":\"https:\/\/laval-53.alternatri.fr\/index.php\/mentions-legales-2\/\",\"url\":\"https:\/\/laval-53.alternatri.fr\/index.php\/mentions-legales-2\/\",\"name\":\"Mentions l\u00e9gales - Alternatri 53\",\"isPartOf\":{\"@id\":\"https:\/\/laval-53.alternatri.fr\/#website\"},\"datePublished\":\"2023-11-22T12:51:32+00:00\",\"dateModified\":\"2023-11-22T12:59:19+00:00\",\"breadcrumb\":{\"@id\":\"https:\/\/laval-53.alternatri.fr\/index.php\/mentions-legales-2\/#breadcrumb\"},\"inLanguage\":\"fr-FR\",\"potentialAction\":[{\"@type\":\"ReadAction\",\"target\":[\"https:\/\/laval-53.alternatri.fr\/index.php\/mentions-legales-2\/\"]}]},{\"@type\":\"BreadcrumbList\",\"@id\":\"https:\/\/laval-53.alternatri.fr\/index.php\/mentions-legales-2\/#breadcrumb\",\"itemListElement\":[{\"@type\":\"ListItem\",\"position\":1,\"name\":\"Accueil\",\"item\":\"https:\/\/laval-53.alternatri.fr\/\"},{\"@type\":\"ListItem\",\"position\":2,\"name\":\"Mentions l\u00e9gales\"}]},{\"@type\":\"WebSite\",\"@id\":\"https:\/\/laval-53.alternatri.fr\/#website\",\"url\":\"https:\/\/laval-53.alternatri.fr\/\",\"name\":\"Alternatri 53\",\"description\":\"Alternatri 53 une structure de l&#039;ESS\",\"publisher\":{\"@id\":\"https:\/\/laval-53.alternatri.fr\/#organization\"},\"potentialAction\":[{\"@type\":\"SearchAction\",\"target\":{\"@type\":\"EntryPoint\",\"urlTemplate\":\"https:\/\/laval-53.alternatri.fr\/?s={search_term_string}\"},\"query-input\":{\"@type\":\"PropertyValueSpecification\",\"valueRequired\":true,\"valueName\":\"search_term_string\"}}],\"inLanguage\":\"fr-FR\"},{\"@type\":\"Organization\",\"@id\":\"https:\/\/laval-53.alternatri.fr\/#organization\",\"name\":\"Alternatri 53\",\"url\":\"https:\/\/laval-53.alternatri.fr\/\",\"logo\":{\"@type\":\"ImageObject\",\"inLanguage\":\"fr-FR\",\"@id\":\"https:\/\/laval-53.alternatri.fr\/#\/schema\/logo\/image\/\",\"url\":\"https:\/\/laval-53.alternatri.fr\/wp-content\/uploads\/2023\/06\/cropped-cropped-cropped-306507498_411865594442338_4724636835785875336_n-removebg-preview-1.png\",\"contentUrl\":\"https:\/\/laval-53.alternatri.fr\/wp-content\/uploads\/2023\/06\/cropped-cropped-cropped-306507498_411865594442338_4724636835785875336_n-removebg-preview-1.png\",\"width\":298,\"height\":310,\"caption\":\"Alternatri 53\"},\"image\":{\"@id\":\"https:\/\/laval-53.alternatri.fr\/#\/schema\/logo\/image\/\"},\"sameAs\":[\"https:\/\/www.facebook.com\/people\/AlternaTri\/100064855563559\/\",\"https:\/\/www.youtube.com\/watch?v=XxHbxJZ-oBQ\"]}]}<\/script>\n<!-- \/ Yoast SEO plugin. -->","yoast_head_json":{"title":"Mentions l\u00e9gales - Alternatri 53","robots":{"index":"index","follow":"follow","max-snippet":"max-snippet:-1","max-image-preview":"max-image-preview:large","max-video-preview":"max-video-preview:-1"},"canonical":"https:\/\/laval-53.alternatri.fr\/index.php\/mentions-legales-2\/","og_locale":"fr_FR","og_type":"article","og_title":"Mentions l\u00e9gales - Alternatri 53","og_description":"Mentions l\u00e9gales Mentions l\u00e9gales Merci de lire attentivement les pr\u00e9sentes modalit\u00e9s d&rsquo;utilisation du pr\u00e9sent site avant de le parcourir.En vous connectant sur ce site, vous acceptez sans r\u00e9serve les pr\u00e9sentes modalit\u00e9s. Conditions d&rsquo;utilisation Le site accessible via&nbsp;AlternaTri53 est exploit\u00e9 dans le respect de la l\u00e9gislation fran\u00e7aise. L&rsquo;utilisation de ce site est r\u00e9gie par les pr\u00e9sentes...","og_url":"https:\/\/laval-53.alternatri.fr\/index.php\/mentions-legales-2\/","og_site_name":"Alternatri 53","article_publisher":"https:\/\/www.facebook.com\/people\/AlternaTri\/100064855563559\/","article_modified_time":"2023-11-22T12:59:19+00:00","twitter_card":"summary_large_image","twitter_misc":{"Dur\u00e9e de lecture estim\u00e9e":"8 minutes"},"schema":{"@context":"https:\/\/schema.org","@graph":[{"@type":"WebPage","@id":"https:\/\/laval-53.alternatri.fr\/index.php\/mentions-legales-2\/","url":"https:\/\/laval-53.alternatri.fr\/index.php\/mentions-legales-2\/","name":"Mentions l\u00e9gales - Alternatri 53","isPartOf":{"@id":"https:\/\/laval-53.alternatri.fr\/#website"},"datePublished":"2023-11-22T12:51:32+00:00","dateModified":"2023-11-22T12:59:19+00:00","breadcrumb":{"@id":"https:\/\/laval-53.alternatri.fr\/index.php\/mentions-legales-2\/#breadcrumb"},"inLanguage":"fr-FR","potentialAction":[{"@type":"ReadAction","target":["https:\/\/laval-53.alternatri.fr\/index.php\/mentions-legales-2\/"]}]},{"@type":"BreadcrumbList","@id":"https:\/\/laval-53.alternatri.fr\/index.php\/mentions-legales-2\/#breadcrumb","itemListElement":[{"@type":"ListItem","position":1,"name":"Accueil","item":"https:\/\/laval-53.alternatri.fr\/"},{"@type":"ListItem","position":2,"name":"Mentions l\u00e9gales"}]},{"@type":"WebSite","@id":"https:\/\/laval-53.alternatri.fr\/#website","url":"https:\/\/laval-53.alternatri.fr\/","name":"Alternatri 53","description":"Alternatri 53 une structure de l&#039;ESS","publisher":{"@id":"https:\/\/laval-53.alternatri.fr\/#organization"},"potentialAction":[{"@type":"SearchAction","target":{"@type":"EntryPoint","urlTemplate":"https:\/\/laval-53.alternatri.fr\/?s={search_term_string}"},"query-input":{"@type":"PropertyValueSpecification","valueRequired":true,"valueName":"search_term_string"}}],"inLanguage":"fr-FR"},{"@type":"Organization","@id":"https:\/\/laval-53.alternatri.fr\/#organization","name":"Alternatri 53","url":"https:\/\/laval-53.alternatri.fr\/","logo":{"@type":"ImageObject","inLanguage":"fr-FR","@id":"https:\/\/laval-53.alternatri.fr\/#\/schema\/logo\/image\/","url":"https:\/\/laval-53.alternatri.fr\/wp-content\/uploads\/2023\/06\/cropped-cropped-cropped-306507498_411865594442338_4724636835785875336_n-removebg-preview-1.png","contentUrl":"https:\/\/laval-53.alternatri.fr\/wp-content\/uploads\/2023\/06\/cropped-cropped-cropped-306507498_411865594442338_4724636835785875336_n-removebg-preview-1.png","width":298,"height":310,"caption":"Alternatri 53"},"image":{"@id":"https:\/\/laval-53.alternatri.fr\/#\/schema\/logo\/image\/"},"sameAs":["https:\/\/www.facebook.com\/people\/AlternaTri\/100064855563559\/","https:\/\/www.youtube.com\/watch?v=XxHbxJZ-oBQ"]}]}},"_links":{"self":[{"href":"https:\/\/laval-53.alternatri.fr\/index.php\/wp-json\/wp\/v2\/pages\/2760","targetHints":{"allow":["GET"]}}],"collection":[{"href":"https:\/\/laval-53.alternatri.fr\/index.php\/wp-json\/wp\/v2\/pages"}],"about":[{"href":"https:\/\/laval-53.alternatri.fr\/index.php\/wp-json\/wp\/v2\/types\/page"}],"author":[{"embeddable":true,"href":"https:\/\/laval-53.alternatri.fr\/index.php\/wp-json\/wp\/v2\/users\/1"}],"replies":[{"embeddable":true,"href":"https:\/\/laval-53.alternatri.fr\/index.php\/wp-json\/wp\/v2\/comments?post=2760"}],"version-history":[{"count":3,"href":"https:\/\/laval-53.alternatri.fr\/index.php\/wp-json\/wp\/v2\/pages\/2760\/revisions"}],"predecessor-version":[{"id":4738,"href":"https:\/\/laval-53.alternatri.fr\/index.php\/wp-json\/wp\/v2\/pages\/2760\/revisions\/4738"}],"wp:attachment":[{"href":"https:\/\/laval-53.alternatri.fr\/index.php\/wp-json\/wp\/v2\/media?parent=2760"}],"curies":[{"name":"wp","href":"https:\/\/api.w.org\/{rel}","templated":true}]}}